{"id":1492,"date":"2023-05-14T18:35:03","date_gmt":"2023-05-14T18:35:03","guid":{"rendered":"https:\/\/amble-sellier.com\/?page_id=1492"},"modified":"2023-08-24T12:44:26","modified_gmt":"2023-08-24T12:44:26","slug":"etrivieres-amble-sellier-artisan-sellier-harnacheur-briderie-selles-sur-mesure-reparation-saddle-fitting-equitation-equestre-bridon-bride-side-pull-sangle-etrivieres-ceinture-cavecon-licol-selle-harna","status":"publish","type":"page","link":"https:\/\/amble-sellier.com\/index.php\/etrivieres-amble-sellier-artisan-sellier-harnacheur-briderie-selles-sur-mesure-reparation-saddle-fitting-equitation-equestre-bridon-bride-side-pull-sangle-etrivieres-ceinture-cavecon-licol-selle-harna\/","title":{"rendered":"ETRIVIERES"},"content":{"rendered":"\t\t<div data-elementor-type=\"wp-page\" data-elementor-id=\"1492\" class=\"elementor elementor-1492\">\n\t\t\t\t\t\t\t\t\t<section class=\"elementor-section elementor-top-section elementor-element elementor-element-611f148e elementor-section-boxed elementor-section-height-default elementor-section-height-default wpr-particle-no wpr-jarallax-no wpr-parallax-no wpr-sticky-section-no\" data-id=\"611f148e\" data-element_type=\"section\" data-settings=\"{&quot;background_background&quot;:&quot;classic&quot;}\" data-e-bg-lazyload=\"\">\n\t\t\t\t\t\t\t<div class=\"elementor-background-overlay\"><\/div>\n\t\t\t\t\t\t\t<div class=\"elementor-container elementor-column-gap-default\">\n\t\t\t\t\t<div class=\"elementor-column elementor-col-100 elementor-top-column elementor-element elementor-element-b09803e\" data-id=\"b09803e\" data-element_type=\"column\">\n\t\t\t<div class=\"elementor-widget-wrap elementor-element-populated\">\n\t\t\t\t\t\t\t\t<div class=\"elementor-element elementor-element-26b42f7a elementor-widget elementor-widget-heading\" data-id=\"26b42f7a\" data-element_type=\"widget\" data-widget_type=\"heading.default\">\n\t\t\t\t<div class=\"elementor-widget-container\">\n\t\t\t<style>\/*! elementor - v3.15.0 - 09-08-2023 *\/\n.elementor-heading-title{padding:0;margin:0;line-height:1}.elementor-widget-heading .elementor-heading-title[class*=elementor-size-]>a{color:inherit;font-size:inherit;line-height:inherit}.elementor-widget-heading .elementor-heading-title.elementor-size-small{font-size:15px}.elementor-widget-heading .elementor-heading-title.elementor-size-medium{font-size:19px}.elementor-widget-heading .elementor-heading-title.elementor-size-large{font-size:29px}.elementor-widget-heading .elementor-heading-title.elementor-size-xl{font-size:39px}.elementor-widget-heading .elementor-heading-title.elementor-size-xxl{font-size:59px}<\/style><h1 class=\"elementor-heading-title elementor-size-default\">\u00c9TRIVI\u00c8RES<\/h1>\t\t<\/div>\n\t\t\t\t<\/div>\n\t\t\t\t\t<\/div>\n\t\t<\/div>\n\t\t\t\t\t\t\t<\/div>\n\t\t<\/section>\n\t\t\t\t<section class=\"elementor-section elementor-top-section elementor-element elementor-element-3ae3bc24 elementor-section-content-middle elementor-section-boxed elementor-section-height-default elementor-section-height-default wpr-particle-no wpr-jarallax-no wpr-parallax-no wpr-sticky-section-no\" data-id=\"3ae3bc24\" data-element_type=\"section\" data-settings=\"{&quot;background_background&quot;:&quot;classic&quot;}\">\n\t\t\t\t\t\t\t<div class=\"elementor-background-overlay\"><\/div>\n\t\t\t\t\t\t\t<div class=\"elementor-container elementor-column-gap-no\">\n\t\t\t\t\t<div class=\"elementor-column elementor-col-100 elementor-top-column elementor-element elementor-element-1497abea\" data-id=\"1497abea\" data-element_type=\"column\">\n\t\t\t<div class=\"elementor-widget-wrap elementor-element-populated\">\n\t\t\t\t\t\t\t\t<div class=\"elementor-element elementor-element-7af916a elementor-widget elementor-widget-text-editor\" data-id=\"7af916a\" data-element_type=\"widget\" data-widget_type=\"text-editor.default\">\n\t\t\t\t<div class=\"elementor-widget-container\">\n\t\t\t<style>\/*! elementor - v3.15.0 - 09-08-2023 *\/\n.elementor-widget-text-editor.elementor-drop-cap-view-stacked .elementor-drop-cap{background-color:#69727d;color:#fff}.elementor-widget-text-editor.elementor-drop-cap-view-framed .elementor-drop-cap{color:#69727d;border:3px solid;background-color:transparent}.elementor-widget-text-editor:not(.elementor-drop-cap-view-default) .elementor-drop-cap{margin-top:8px}.elementor-widget-text-editor:not(.elementor-drop-cap-view-default) .elementor-drop-cap-letter{width:1em;height:1em}.elementor-widget-text-editor .elementor-drop-cap{float:left;text-align:center;line-height:1;font-size:50px}.elementor-widget-text-editor .elementor-drop-cap-letter{display:inline-block}<\/style>\t\t\t\t<blockquote><p>Nos cr\u00e9ations sont uniques, sur-mesure et donc r\u00e9alis\u00e9es \u00e0 l&rsquo;unit\u00e9. Un premier RDV nous permettra de d\u00e9terminer vos besoins et d&rsquo;\u00e9tablir un devis. Pour nous contacter, n&rsquo;h\u00e9sitez pas \u00e0 nous joindre via notre<a href=\"https:\/\/amble-sellier.com\/index.php\/contact-amble-sellier-artisan-sellier-harnacheur-briderie-selles-sur-mesure-reparation-saddle-fitting-equitation-equestre-bridon-bride-side-pull-sangle-etrivieres-ceinture-cavecon-licol-selle-harnache\/\"> <strong><span style=\"text-decoration: underline;\">formulaire de contact, mail ou t\u00e9l\u00e9phone<\/span><\/strong><\/a>.<\/p><\/blockquote>\t\t\t\t\t\t<\/div>\n\t\t\t\t<\/div>\n\t\t\t\t<div class=\"elementor-element elementor-element-14d2a664 elementor-widget elementor-widget-heading\" data-id=\"14d2a664\" data-element_type=\"widget\" data-widget_type=\"heading.default\">\n\t\t\t\t<div class=\"elementor-widget-container\">\n\t\t\t<h2 class=\"elementor-heading-title elementor-size-default\">\u00c9TRIVI\u00c8RES<\/h2>\t\t<\/div>\n\t\t\t\t<\/div>\n\t\t\t\t<div class=\"elementor-element elementor-element-1748b8f3 elementor-widget-divider--view-line_text elementor-widget-divider--element-align-left elementor-widget elementor-widget-divider\" data-id=\"1748b8f3\" data-element_type=\"widget\" data-widget_type=\"divider.default\">\n\t\t\t\t<div class=\"elementor-widget-container\">\n\t\t\t<style>\/*! elementor - v3.15.0 - 09-08-2023 *\/\n.elementor-widget-divider{--divider-border-style:none;--divider-border-width:1px;--divider-color:#0c0d0e;--divider-icon-size:20px;--divider-element-spacing:10px;--divider-pattern-height:24px;--divider-pattern-size:20px;--divider-pattern-url:none;--divider-pattern-repeat:repeat-x}.elementor-widget-divider .elementor-divider{display:flex}.elementor-widget-divider .elementor-divider__text{font-size:15px;line-height:1;max-width:95%}.elementor-widget-divider .elementor-divider__element{margin:0 var(--divider-element-spacing);flex-shrink:0}.elementor-widget-divider .elementor-icon{font-size:var(--divider-icon-size)}.elementor-widget-divider .elementor-divider-separator{display:flex;margin:0;direction:ltr}.elementor-widget-divider--view-line_icon .elementor-divider-separator,.elementor-widget-divider--view-line_text .elementor-divider-separator{align-items:center}.elementor-widget-divider--view-line_icon .elementor-divider-separator:after,.elementor-widget-divider--view-line_icon .elementor-divider-separator:before,.elementor-widget-divider--view-line_text .elementor-divider-separator:after,.elementor-widget-divider--view-line_text .elementor-divider-separator:before{display:block;content:\"\";border-bottom:0;flex-grow:1;border-top:var(--divider-border-width) var(--divider-border-style) var(--divider-color)}.elementor-widget-divider--element-align-left .elementor-divider .elementor-divider-separator>.elementor-divider__svg:first-of-type{flex-grow:0;flex-shrink:100}.elementor-widget-divider--element-align-left .elementor-divider-separator:before{content:none}.elementor-widget-divider--element-align-left .elementor-divider__element{margin-left:0}.elementor-widget-divider--element-align-right .elementor-divider .elementor-divider-separator>.elementor-divider__svg:last-of-type{flex-grow:0;flex-shrink:100}.elementor-widget-divider--element-align-right .elementor-divider-separator:after{content:none}.elementor-widget-divider--element-align-right .elementor-divider__element{margin-right:0}.elementor-widget-divider:not(.elementor-widget-divider--view-line_text):not(.elementor-widget-divider--view-line_icon) .elementor-divider-separator{border-top:var(--divider-border-width) var(--divider-border-style) var(--divider-color)}.elementor-widget-divider--separator-type-pattern{--divider-border-style:none}.elementor-widget-divider--separator-type-pattern.elementor-widget-divider--view-line .elementor-divider-separator,.elementor-widget-divider--separator-type-pattern:not(.elementor-widget-divider--view-line) .elementor-divider-separator:after,.elementor-widget-divider--separator-type-pattern:not(.elementor-widget-divider--view-line) .elementor-divider-separator:before,.elementor-widget-divider--separator-type-pattern:not([class*=elementor-widget-divider--view]) .elementor-divider-separator{width:100%;min-height:var(--divider-pattern-height);-webkit-mask-size:var(--divider-pattern-size) 100%;mask-size:var(--divider-pattern-size) 100%;-webkit-mask-repeat:var(--divider-pattern-repeat);mask-repeat:var(--divider-pattern-repeat);background-color:var(--divider-color);-webkit-mask-image:var(--divider-pattern-url);mask-image:var(--divider-pattern-url)}.elementor-widget-divider--no-spacing{--divider-pattern-size:auto}.elementor-widget-divider--bg-round{--divider-pattern-repeat:round}.rtl .elementor-widget-divider .elementor-divider__text{direction:rtl}.e-con-inner>.elementor-widget-divider,.e-con>.elementor-widget-divider{width:var(--container-widget-width,100%);--flex-grow:var(--container-widget-flex-grow)}<\/style>\t\t<div class=\"elementor-divider\">\n\t\t\t<span class=\"elementor-divider-separator\">\n\t\t\t\t\t\t<\/span>\n\t\t<\/div>\n\t\t\t\t<\/div>\n\t\t\t\t<\/div>\n\t\t\t\t<div class=\"elementor-element elementor-element-40cc3b80 elementor-widget elementor-widget-image-box\" data-id=\"40cc3b80\" data-element_type=\"widget\" data-widget_type=\"image-box.default\">\n\t\t\t\t<div class=\"elementor-widget-container\">\n\t\t\t<style>\/*! elementor - v3.15.0 - 09-08-2023 *\/\n.elementor-widget-image-box .elementor-image-box-content{width:100%}@media (min-width:768px){.elementor-widget-image-box.elementor-position-left .elementor-image-box-wrapper,.elementor-widget-image-box.elementor-position-right .elementor-image-box-wrapper{display:flex}.elementor-widget-image-box.elementor-position-right .elementor-image-box-wrapper{text-align:right;flex-direction:row-reverse}.elementor-widget-image-box.elementor-position-left .elementor-image-box-wrapper{text-align:left;flex-direction:row}.elementor-widget-image-box.elementor-position-top .elementor-image-box-img{margin:auto}.elementor-widget-image-box.elementor-vertical-align-top .elementor-image-box-wrapper{align-items:flex-start}.elementor-widget-image-box.elementor-vertical-align-middle .elementor-image-box-wrapper{align-items:center}.elementor-widget-image-box.elementor-vertical-align-bottom .elementor-image-box-wrapper{align-items:flex-end}}@media (max-width:767px){.elementor-widget-image-box .elementor-image-box-img{margin-left:auto!important;margin-right:auto!important;margin-bottom:15px}}.elementor-widget-image-box .elementor-image-box-img{display:inline-block}.elementor-widget-image-box .elementor-image-box-title a{color:inherit}.elementor-widget-image-box .elementor-image-box-wrapper{text-align:center}.elementor-widget-image-box .elementor-image-box-description{margin:0}<\/style><div class=\"elementor-image-box-wrapper\"><div class=\"elementor-image-box-content\"><h2 class=\"elementor-image-box-title\"><font face=\"Noto Sans, sans-serif\"><span style=\"font-size: 16px; font-weight: 400; text-transform: none;\">AMBLE Sellier vous propose la cr\u00e9ation d'\u00e9trivi\u00e8res \u00e0 votre taille. <\/span><\/font><br><font face=\"Noto Sans, sans-serif\"><span style=\"font-size: 16px; font-weight: 400; text-transform: none;\">A partir de 100\u20ac.<\/span><\/font><\/h2><\/div><\/div>\t\t<\/div>\n\t\t\t\t<\/div>\n\t\t\t\t<div class=\"elementor-element elementor-element-32b12657 elementor-pagination-position-outside elementor-widget elementor-widget-image-carousel\" data-id=\"32b12657\" data-element_type=\"widget\" data-settings=\"{&quot;slides_to_show&quot;:&quot;3&quot;,&quot;slides_to_scroll&quot;:&quot;1&quot;,&quot;navigation&quot;:&quot;dots&quot;,&quot;slides_to_show_tablet&quot;:&quot;2&quot;,&quot;slides_to_show_mobile&quot;:&quot;1&quot;,&quot;autoplay&quot;:&quot;no&quot;,&quot;infinite&quot;:&quot;yes&quot;,&quot;speed&quot;:500,&quot;image_spacing_custom&quot;:{&quot;unit&quot;:&quot;px&quot;,&quot;size&quot;:20,&quot;sizes&quot;:[]},&quot;image_spacing_custom_tablet&quot;:{&quot;unit&quot;:&quot;px&quot;,&quot;size&quot;:&quot;&quot;,&quot;sizes&quot;:[]}}\" data-widget_type=\"image-carousel.default\">\n\t\t\t\t<div class=\"elementor-widget-container\">\n\t\t\t<style>\/*! elementor - v3.15.0 - 09-08-2023 *\/\n.elementor-widget-image-carousel .swiper,.elementor-widget-image-carousel .swiper-container{position:static}.elementor-widget-image-carousel .swiper-container .swiper-slide figure,.elementor-widget-image-carousel .swiper .swiper-slide figure{line-height:inherit}.elementor-widget-image-carousel .swiper-slide{text-align:center}.elementor-image-carousel-wrapper:not(.swiper-container-initialized):not(.swiper-initialized) .swiper-slide{max-width:calc(100% \/ var(--e-image-carousel-slides-to-show, 3))}<\/style>\t\t<div class=\"elementor-image-carousel-wrapper swiper\" dir=\"ltr\">\n\t\t\t<div class=\"elementor-image-carousel swiper-wrapper swiper-image-stretch\" aria-live=\"polite\">\n\t\t\t\t\t\t\t\t<div class=\"swiper-slide\" role=\"group\" aria-roledescription=\"slide\" aria-label=\"1 sur 4\"><figure class=\"swiper-slide-inner\"><img decoding=\"async\" class=\"swiper-slide-image\" src=\"https:\/\/amble-sellier.com\/wp-content\/uploads\/2018\/11\/water-sports-03.jpg\" alt=\"\" \/><\/figure><\/div><div class=\"swiper-slide\" role=\"group\" aria-roledescription=\"slide\" aria-label=\"2 sur 4\"><figure class=\"swiper-slide-inner\"><img decoding=\"async\" class=\"swiper-slide-image\" src=\"https:\/\/amble-sellier.com\/wp-content\/uploads\/2018\/11\/water-sports-04.jpg\" alt=\"\" \/><\/figure><\/div><div class=\"swiper-slide\" role=\"group\" aria-roledescription=\"slide\" aria-label=\"3 sur 4\"><figure class=\"swiper-slide-inner\"><img decoding=\"async\" class=\"swiper-slide-image\" src=\"https:\/\/amble-sellier.com\/wp-content\/uploads\/2018\/11\/water-sports-01.jpg\" alt=\"\" \/><\/figure><\/div><div class=\"swiper-slide\" role=\"group\" aria-roledescription=\"slide\" aria-label=\"4 sur 4\"><figure class=\"swiper-slide-inner\"><img decoding=\"async\" class=\"swiper-slide-image\" src=\"https:\/\/amble-sellier.com\/wp-content\/uploads\/2018\/11\/water-sports-02.jpg\" alt=\"\" \/><\/figure><\/div>\t\t\t<\/div>\n\t\t\t\t\t\t\t\n\t\t\t\t\t\t\t\t\t<div class=\"swiper-pagination\"><\/div>\n\t\t\t\t\t\t\t\t\t<\/div>\n\t\t\t\t<\/div>\n\t\t\t\t<\/div>\n\t\t\t\t\t<\/div>\n\t\t<\/div>\n\t\t\t\t\t\t\t<\/div>\n\t\t<\/section>\n\t\t\t\t\t\t\t<\/div>\n\t\t","protected":false},"excerpt":{"rendered":"<p>\u00c9TRIVI\u00c8RES Nos cr\u00e9ations sont uniques, sur-mesure et donc r\u00e9alis\u00e9es \u00e0 l&rsquo;unit\u00e9. Un premier RDV nous permettra de d\u00e9terminer vos besoins et d&rsquo;\u00e9tablir un devis. Pour nous contacter, n&rsquo;h\u00e9sitez pas \u00e0 nous joindre via notre formulaire de contact, mail ou t\u00e9l\u00e9phone. \u00c9TRIVI\u00c8RES AMBLE Sellier vous propose la cr\u00e9ation d&rsquo;\u00e9trivi\u00e8res \u00e0 votre taille. A partir de 100\u20ac.<\/p>\n","protected":false},"author":3,"featured_media":0,"parent":0,"menu_order":0,"comment_status":"closed","ping_status":"closed","template":"","meta":{"_mi_skip_tracking":false,"_monsterinsights_sitenote_active":false,"_monsterinsights_sitenote_note":"","_monsterinsights_sitenote_category":0,"site-sidebar-layout":"no-sidebar","site-content-layout":"page-builder","ast-site-content-layout":"","site-content-style":"default","site-sidebar-style":"default","ast-global-header-display":"","ast-banner-title-visibility":"","ast-main-header-display":"","ast-hfb-above-header-display":"","ast-hfb-below-header-display":"","ast-hfb-mobile-header-display":"","site-post-title":"disabled","ast-breadcrumbs-content":"","ast-featured-img":"disabled","footer-sml-layout":"","theme-transparent-header-meta":"enabled","adv-header-id-meta":"","stick-header-meta":"","header-above-stick-meta":"","header-main-stick-meta":"","header-below-stick-meta":"","astra-migrate-meta-layouts":"","footnotes":""},"class_list":["post-1492","page","type-page","status-publish","hentry"],"yoast_head":"<!-- This site is optimized with the Yoast SEO plugin v20.13 - https:\/\/yoast.com\/wordpress\/plugins\/seo\/ -->\n<title>Etrivi\u00e8res - AMBLE Sellier - Artisan Sellier Harnacheur<\/title>\n<meta name=\"description\" content=\"AMBLE Sellier, Artisan Sellier-Harnacheur bas\u00e9 \u00e0 Bordeaux, vous propose des cr\u00e9ations en cuir sur-mesure pour vos \u00e9quid\u00e9s (selle-briderie).\" \/>\n<meta name=\"robots\" content=\"index, follow, max-snippet:-1, max-image-preview:large, max-video-preview:-1\" \/>\n<link rel=\"canonical\" href=\"https:\/\/amble-sellier.com\/index.php\/etrivieres-amble-sellier-artisan-sellier-harnacheur-briderie-selles-sur-mesure-reparation-saddle-fitting-equitation-equestre-bridon-bride-side-pull-sangle-etrivieres-ceinture-cavecon-licol-selle-harna\/\" \/>\n<meta property=\"og:locale\" content=\"fr_FR\" \/>\n<meta property=\"og:type\" content=\"article\" \/>\n<meta property=\"og:title\" content=\"Etrivi\u00e8res - AMBLE Sellier - Artisan Sellier Harnacheur\" \/>\n<meta property=\"og:description\" content=\"AMBLE Sellier, Artisan Sellier-Harnacheur bas\u00e9 \u00e0 Bordeaux, vous propose des cr\u00e9ations en cuir sur-mesure pour vos \u00e9quid\u00e9s (selle-briderie).\" \/>\n<meta property=\"og:url\" content=\"https:\/\/amble-sellier.com\/index.php\/etrivieres-amble-sellier-artisan-sellier-harnacheur-briderie-selles-sur-mesure-reparation-saddle-fitting-equitation-equestre-bridon-bride-side-pull-sangle-etrivieres-ceinture-cavecon-licol-selle-harna\/\" \/>\n<meta property=\"og:site_name\" content=\"Amble Sellier\" \/>\n<meta property=\"article:modified_time\" content=\"2023-08-24T12:44:26+00:00\" \/>\n<meta property=\"og:image\" content=\"http:\/\/amble-sellier.com\/wp-content\/uploads\/2018\/11\/water-sports-03.jpg\" \/>\n<meta name=\"twitter:card\" content=\"summary_large_image\" \/>\n<meta name=\"twitter:label1\" content=\"Dur\u00e9e de lecture estim\u00e9e\" \/>\n\t<meta name=\"twitter:data1\" content=\"3 minutes\" \/>\n<script type=\"application\/ld+json\" class=\"yoast-schema-graph\">{\"@context\":\"https:\/\/schema.org\",\"@graph\":[{\"@type\":\"WebPage\",\"@id\":\"https:\/\/amble-sellier.com\/index.php\/etrivieres-amble-sellier-artisan-sellier-harnacheur-briderie-selles-sur-mesure-reparation-saddle-fitting-equitation-equestre-bridon-bride-side-pull-sangle-etrivieres-ceinture-cavecon-licol-selle-harna\/\",\"url\":\"https:\/\/amble-sellier.com\/index.php\/etrivieres-amble-sellier-artisan-sellier-harnacheur-briderie-selles-sur-mesure-reparation-saddle-fitting-equitation-equestre-bridon-bride-side-pull-sangle-etrivieres-ceinture-cavecon-licol-selle-harna\/\",\"name\":\"Etrivi\u00e8res - AMBLE Sellier - Artisan Sellier Harnacheur\",\"isPartOf\":{\"@id\":\"https:\/\/amble-sellier.com\/#website\"},\"datePublished\":\"2023-05-14T18:35:03+00:00\",\"dateModified\":\"2023-08-24T12:44:26+00:00\",\"description\":\"AMBLE Sellier, Artisan Sellier-Harnacheur bas\u00e9 \u00e0 Bordeaux, vous propose des cr\u00e9ations en cuir sur-mesure pour vos \u00e9quid\u00e9s (selle-briderie).\",\"breadcrumb\":{\"@id\":\"https:\/\/amble-sellier.com\/index.php\/etrivieres-amble-sellier-artisan-sellier-harnacheur-briderie-selles-sur-mesure-reparation-saddle-fitting-equitation-equestre-bridon-bride-side-pull-sangle-etrivieres-ceinture-cavecon-licol-selle-harna\/#breadcrumb\"},\"inLanguage\":\"fr-FR\",\"potentialAction\":[{\"@type\":\"ReadAction\",\"target\":[\"https:\/\/amble-sellier.com\/index.php\/etrivieres-amble-sellier-artisan-sellier-harnacheur-briderie-selles-sur-mesure-reparation-saddle-fitting-equitation-equestre-bridon-bride-side-pull-sangle-etrivieres-ceinture-cavecon-licol-selle-harna\/\"]}]},{\"@type\":\"BreadcrumbList\",\"@id\":\"https:\/\/amble-sellier.com\/index.php\/etrivieres-amble-sellier-artisan-sellier-harnacheur-briderie-selles-sur-mesure-reparation-saddle-fitting-equitation-equestre-bridon-bride-side-pull-sangle-etrivieres-ceinture-cavecon-licol-selle-harna\/#breadcrumb\",\"itemListElement\":[{\"@type\":\"ListItem\",\"position\":1,\"name\":\"Accueil\",\"item\":\"https:\/\/amble-sellier.com\/\"},{\"@type\":\"ListItem\",\"position\":2,\"name\":\"ETRIVIERES\"}]},{\"@type\":\"WebSite\",\"@id\":\"https:\/\/amble-sellier.com\/#website\",\"url\":\"https:\/\/amble-sellier.com\/\",\"name\":\"Amble Sellier\",\"description\":\"SAVOIR-FAIRE ET QUALITE\",\"publisher\":{\"@id\":\"https:\/\/amble-sellier.com\/#organization\"},\"potentialAction\":[{\"@type\":\"SearchAction\",\"target\":{\"@type\":\"EntryPoint\",\"urlTemplate\":\"https:\/\/amble-sellier.com\/?s={search_term_string}\"},\"query-input\":\"required name=search_term_string\"}],\"inLanguage\":\"fr-FR\"},{\"@type\":\"Organization\",\"@id\":\"https:\/\/amble-sellier.com\/#organization\",\"name\":\"Amble Sellier\",\"url\":\"https:\/\/amble-sellier.com\/\",\"logo\":{\"@type\":\"ImageObject\",\"inLanguage\":\"fr-FR\",\"@id\":\"https:\/\/amble-sellier.com\/#\/schema\/logo\/image\/\",\"url\":\"https:\/\/amble-sellier.com\/wp-content\/uploads\/2023\/01\/cropped-LOGO-SANS-FOND-site-scaled.png\",\"contentUrl\":\"https:\/\/amble-sellier.com\/wp-content\/uploads\/2023\/01\/cropped-LOGO-SANS-FOND-site-scaled.png\",\"width\":2560,\"height\":2560,\"caption\":\"Amble Sellier\"},\"image\":{\"@id\":\"https:\/\/amble-sellier.com\/#\/schema\/logo\/image\/\"}}]}<\/script>\n<!-- \/ Yoast SEO plugin. -->","yoast_head_json":{"title":"Etrivi\u00e8res - AMBLE Sellier - Artisan Sellier Harnacheur","description":"AMBLE Sellier, Artisan Sellier-Harnacheur bas\u00e9 \u00e0 Bordeaux, vous propose des cr\u00e9ations en cuir sur-mesure pour vos \u00e9quid\u00e9s (selle-briderie).","robots":{"index":"index","follow":"follow","max-snippet":"max-snippet:-1","max-image-preview":"max-image-preview:large","max-video-preview":"max-video-preview:-1"},"canonical":"https:\/\/amble-sellier.com\/index.php\/etrivieres-amble-sellier-artisan-sellier-harnacheur-briderie-selles-sur-mesure-reparation-saddle-fitting-equitation-equestre-bridon-bride-side-pull-sangle-etrivieres-ceinture-cavecon-licol-selle-harna\/","og_locale":"fr_FR","og_type":"article","og_title":"Etrivi\u00e8res - AMBLE Sellier - Artisan Sellier Harnacheur","og_description":"AMBLE Sellier, Artisan Sellier-Harnacheur bas\u00e9 \u00e0 Bordeaux, vous propose des cr\u00e9ations en cuir sur-mesure pour vos \u00e9quid\u00e9s (selle-briderie).","og_url":"https:\/\/amble-sellier.com\/index.php\/etrivieres-amble-sellier-artisan-sellier-harnacheur-briderie-selles-sur-mesure-reparation-saddle-fitting-equitation-equestre-bridon-bride-side-pull-sangle-etrivieres-ceinture-cavecon-licol-selle-harna\/","og_site_name":"Amble Sellier","article_modified_time":"2023-08-24T12:44:26+00:00","og_image":[{"url":"http:\/\/amble-sellier.com\/wp-content\/uploads\/2018\/11\/water-sports-03.jpg"}],"twitter_card":"summary_large_image","twitter_misc":{"Dur\u00e9e de lecture estim\u00e9e":"3 minutes"},"schema":{"@context":"https:\/\/schema.org","@graph":[{"@type":"WebPage","@id":"https:\/\/amble-sellier.com\/index.php\/etrivieres-amble-sellier-artisan-sellier-harnacheur-briderie-selles-sur-mesure-reparation-saddle-fitting-equitation-equestre-bridon-bride-side-pull-sangle-etrivieres-ceinture-cavecon-licol-selle-harna\/","url":"https:\/\/amble-sellier.com\/index.php\/etrivieres-amble-sellier-artisan-sellier-harnacheur-briderie-selles-sur-mesure-reparation-saddle-fitting-equitation-equestre-bridon-bride-side-pull-sangle-etrivieres-ceinture-cavecon-licol-selle-harna\/","name":"Etrivi\u00e8res - AMBLE Sellier - Artisan Sellier Harnacheur","isPartOf":{"@id":"https:\/\/amble-sellier.com\/#website"},"datePublished":"2023-05-14T18:35:03+00:00","dateModified":"2023-08-24T12:44:26+00:00","description":"AMBLE Sellier, Artisan Sellier-Harnacheur bas\u00e9 \u00e0 Bordeaux, vous propose des cr\u00e9ations en cuir sur-mesure pour vos \u00e9quid\u00e9s (selle-briderie).","breadcrumb":{"@id":"https:\/\/amble-sellier.com\/index.php\/etrivieres-amble-sellier-artisan-sellier-harnacheur-briderie-selles-sur-mesure-reparation-saddle-fitting-equitation-equestre-bridon-bride-side-pull-sangle-etrivieres-ceinture-cavecon-licol-selle-harna\/#breadcrumb"},"inLanguage":"fr-FR","potentialAction":[{"@type":"ReadAction","target":["https:\/\/amble-sellier.com\/index.php\/etrivieres-amble-sellier-artisan-sellier-harnacheur-briderie-selles-sur-mesure-reparation-saddle-fitting-equitation-equestre-bridon-bride-side-pull-sangle-etrivieres-ceinture-cavecon-licol-selle-harna\/"]}]},{"@type":"BreadcrumbList","@id":"https:\/\/amble-sellier.com\/index.php\/etrivieres-amble-sellier-artisan-sellier-harnacheur-briderie-selles-sur-mesure-reparation-saddle-fitting-equitation-equestre-bridon-bride-side-pull-sangle-etrivieres-ceinture-cavecon-licol-selle-harna\/#breadcrumb","itemListElement":[{"@type":"ListItem","position":1,"name":"Accueil","item":"https:\/\/amble-sellier.com\/"},{"@type":"ListItem","position":2,"name":"ETRIVIERES"}]},{"@type":"WebSite","@id":"https:\/\/amble-sellier.com\/#website","url":"https:\/\/amble-sellier.com\/","name":"Amble Sellier","description":"SAVOIR-FAIRE ET QUALITE","publisher":{"@id":"https:\/\/amble-sellier.com\/#organization"},"potentialAction":[{"@type":"SearchAction","target":{"@type":"EntryPoint","urlTemplate":"https:\/\/amble-sellier.com\/?s={search_term_string}"},"query-input":"required name=search_term_string"}],"inLanguage":"fr-FR"},{"@type":"Organization","@id":"https:\/\/amble-sellier.com\/#organization","name":"Amble Sellier","url":"https:\/\/amble-sellier.com\/","logo":{"@type":"ImageObject","inLanguage":"fr-FR","@id":"https:\/\/amble-sellier.com\/#\/schema\/logo\/image\/","url":"https:\/\/amble-sellier.com\/wp-content\/uploads\/2023\/01\/cropped-LOGO-SANS-FOND-site-scaled.png","contentUrl":"https:\/\/amble-sellier.com\/wp-content\/uploads\/2023\/01\/cropped-LOGO-SANS-FOND-site-scaled.png","width":2560,"height":2560,"caption":"Amble Sellier"},"image":{"@id":"https:\/\/amble-sellier.com\/#\/schema\/logo\/image\/"}}]}},"_links":{"self":[{"href":"https:\/\/amble-sellier.com\/index.php\/wp-json\/wp\/v2\/pages\/1492","targetHints":{"allow":["GET"]}}],"collection":[{"href":"https:\/\/amble-sellier.com\/index.php\/wp-json\/wp\/v2\/pages"}],"about":[{"href":"https:\/\/amble-sellier.com\/index.php\/wp-json\/wp\/v2\/types\/page"}],"author":[{"embeddable":true,"href":"https:\/\/amble-sellier.com\/index.php\/wp-json\/wp\/v2\/users\/3"}],"replies":[{"embeddable":true,"href":"https:\/\/amble-sellier.com\/index.php\/wp-json\/wp\/v2\/comments?post=1492"}],"version-history":[{"count":32,"href":"https:\/\/amble-sellier.com\/index.php\/wp-json\/wp\/v2\/pages\/1492\/revisions"}],"predecessor-version":[{"id":2963,"href":"https:\/\/amble-sellier.com\/index.php\/wp-json\/wp\/v2\/pages\/1492\/revisions\/2963"}],"wp:attachment":[{"href":"https:\/\/amble-sellier.com\/index.php\/wp-json\/wp\/v2\/media?parent=1492"}],"curies":[{"name":"wp","href":"https:\/\/api.w.org\/{rel}","templated":true}]}}